{"id":21,"date":"2024-02-14T15:22:31","date_gmt":"2024-02-14T14:22:31","guid":{"rendered":"https:\/\/bionaturaa.wordpress.com\/about-2\/"},"modified":"2024-07-10T15:17:53","modified_gmt":"2024-07-10T15:17:53","slug":"about-2","status":"publish","type":"page","link":"https:\/\/natura-diet.com\/?page_id=21","title":{"rendered":"Qui Somme Nous"},"content":{"rendered":"\n<div class=\"wp-block-group alignfull has-global-padding is-content-justification-center is-layout-constrained wp-container-core-group-is-layout-2c1a1332 wp-block-group-is-layout-constrained\" style=\"margin-top:0;margin-bottom:0;padding-top:calc( 0.5 * var(--wp--style--root--padding-right, var(--wp--custom--gap--horizontal)));padding-right:80px;padding-bottom:calc( 0.5 * var(--wp--style--root--padding-right, var(--wp--custom--gap--horizontal)));padding-left:80px\">\n<div style=\"height:calc( 0.25 * var(--wp--style--root--padding-right, var(--wp--custom--gap--horizontal)))\" aria-hidden=\"true\" class=\"wp-block-spacer\"><\/div>\n\n\n\n<div class=\"wp-block-columns alignwide is-layout-flex wp-container-core-columns-is-layout-2be0c77d wp-block-columns-is-layout-flex\" style=\"margin-top:40px;margin-bottom:40px\">\n<div class=\"wp-block-column is-layout-flow wp-container-core-column-is-layout-22223934 wp-block-column-is-layout-flow\" style=\"flex-basis:50%\">\n<h3 class=\"wp-block-heading\">BioNatura : Votre Partenaire de Confiance pour votre bien-\u00eatre<\/h3>\n<\/div>\n\n\n\n<div class=\"wp-block-column is-layout-flow wp-block-column-is-layout-flow\" style=\"flex-basis:50%\">\n<p class=\"has-text-align-justify\"><strong>Chez BioNatura, nous nous engageons \u00e0 \u00ab aider chacun \u00e0 atteindre son \u00e9tat physiologique optimal \u00bb, \u00e0 travers notre gamme de probiotiques, compl\u00e9ments alimentaires et cosm\u00e9tiques naturels de haute qualit\u00e9 qui r\u00e9pondent \u00e0 chacun des besoins de tous nos clients.<\/strong><\/p>\n<\/div>\n<\/div>\n\n\n\n<div style=\"height:calc( 0.25 * var(--wp--style--root--padding-right, var(--wp--custom--gap--horizontal)))\" aria-hidden=\"true\" class=\"wp-block-spacer\"><\/div>\n<\/div>\n\n\n\n<div class=\"wp-block-group alignfull has-global-padding is-content-justification-center is-layout-constrained wp-container-core-group-is-layout-2c1a1332 wp-block-group-is-layout-constrained\" style=\"margin-top:0;margin-bottom:0;padding-top:calc( 0.5 * var(--wp--style--root--padding-right, var(--wp--custom--gap--horizontal)));padding-right:80px;padding-bottom:calc( 0.5 * var(--wp--style--root--padding-right, var(--wp--custom--gap--horizontal)));padding-left:80px\">\n<div style=\"height:calc( 0.25 * var(--wp--style--root--padding-right, var(--wp--custom--gap--horizontal)))\" aria-hidden=\"true\" class=\"wp-block-spacer\"><\/div>\n\n\n\n<div class=\"wp-block-columns alignwide is-layout-flex wp-container-core-columns-is-layout-28f84493 wp-block-columns-is-layout-flex\">\n<div class=\"wp-block-column is-layout-flow wp-block-column-is-layout-flow\">\n<h2 class=\"wp-block-heading has-medium-font-size\">\u00c0 propos de BioNatura<\/h2>\n\n\n\n<p class=\"has-text-align-justify\">Avec pr\u00e8s de 20 ans d\u2019expertise en \u00ab M\u00e9decine Bas\u00e9e sur la Sant\u00e9 \u00bb, dans la distribution et la promotion de produits nutraceutiques naturels et s\u00fbrs, Bionatura est reconnue comme experte dans les domaines de la micronutrition, des produits phytopharmaceutiques et des probiotiques.<\/p>\n\n\n\n<p class=\"has-text-align-justify\">L&#8217;entreprise a \u00e9t\u00e9 fond\u00e9e en 2005 par le Dr Mohamed Ali Farah dont la carri\u00e8re a \u00e9t\u00e9 marqu\u00e9e par un engagement envers l&#8217;excellence et l&#8217;innovation dans le domaine de la m\u00e9decine naturelle.<\/p>\n\n\n\n<p class=\"has-text-align-justify\">Dr Farah, ancien pr\u00e9sident de la Soci\u00e9t\u00e9 Internationale de M\u00e9soth\u00e9rapie et pr\u00e9sident de la Soci\u00e9t\u00e9 Tunisienne de Bioth\u00e9rapie, a obtenu son dipl\u00f4me de m\u00e9decine \u00e0 l&#8217;\u00c9cole de M\u00e9decine de Montpellier et a ensuite obtenu un dipl\u00f4me d&#8217;acupuncture en France.<\/p>\n\n\n\n<p class=\"has-text-align-justify\">La m\u00eame ann\u00e9e, il obtient \u00e9galement des certificats en acupuncture et en m\u00e9soth\u00e9rapie.<\/p>\n\n\n\n<p class=\"has-text-align-justify\">Son travail lui a valu une r\u00e9putation d\u2019expert de premier plan dans le domaine, et ses produits jouissent de la confiance des professionnels de la sant\u00e9 et des patients<\/p>\n\n\n\n<div style=\"height:calc( 0.25 * var(--wp--style--root--padding-right, var(--wp--custom--gap--horizontal)))\" aria-hidden=\"true\" class=\"wp-block-spacer\"><\/div>\n<\/div>\n\n\n\n<div class=\"wp-block-column is-vertically-aligned-center is-layout-flow wp-container-core-column-is-layout-7a5cb541 wp-block-column-is-layout-flow\" style=\"padding-top:20px;padding-bottom:20px\">\n<figure class=\"wp-block-image aligncenter size-full is-resized has-custom-border landing-page-first-img is-style-default\"><img loading=\"lazy\" decoding=\"async\" width=\"600\" height=\"600\" src=\"https:\/\/natura-diet.com\/wp-content\/uploads\/2024\/05\/PH1.png\" alt=\"\" class=\"wp-image-2823\" style=\"border-radius:10px;width:580px;height:auto\" srcset=\"https:\/\/natura-diet.com\/wp-content\/uploads\/2024\/05\/PH1.png 600w, https:\/\/natura-diet.com\/wp-content\/uploads\/2024\/05\/PH1-300x300.png 300w, https:\/\/natura-diet.com\/wp-content\/uploads\/2024\/05\/PH1-150x150.png 150w\" sizes=\"auto, (max-width: 600px) 100vw, 600px\" \/><\/figure>\n<\/div>\n<\/div>\n\n\n\n<div style=\"height:100px\" aria-hidden=\"true\" class=\"wp-block-spacer\"><\/div>\n\n\n\n<div class=\"wp-block-columns is-layout-flex wp-container-core-columns-is-layout-2be0c77d wp-block-columns-is-layout-flex\" style=\"margin-top:40px;margin-bottom:40px\">\n<div class=\"wp-block-column is-layout-flow wp-block-column-is-layout-flow\">\n<div class=\"container-flex-card\">\n <div class=\"m-2 card-labo card-labo__modifier\">\n    <span><\/span>\n    <span><\/span>\n    <span><\/span>\n    <span><\/span>\n<h4 class=\"header-card\">Notre Mission<\/h4>\n<p>En tant qu\u2019acteur principal du march\u00e9 des probiotiques et des compl\u00e9ments alimentaires, nous comprenons l\u2019importance de maintenir un \u00e9tat de sant\u00e9 \u00e9quilibr\u00e9 et une meilleure qualit\u00e9 de vie. Notre mission est de fournir des produits s\u00fbrs et efficaces qui favorisent le bien-\u00eatre individuel. <\/p>\n<\/div>\n  <div class=\"m-2 card-labo\">\n    <span><\/span>\n    <span><\/span>\n    <span><\/span>\n    <span><\/span>\n<h4 class=\"header-card\">Notre Vision<\/h4>\n<p>Notre vision est de permettre aux gens de vivre une vie plus saine et plus heureuse gr\u00e2ce au pouvoir de la nature. Nous nous effor\u00e7ons d\u2019\u00eatre le principal fournisseur de nutraceutiques, de probiotiques et d\u2019extraits de plantes de haute qualit\u00e9 qui favorisent une sant\u00e9 et un bien-\u00eatre optimaux. <\/p>\n<\/div>\n\n  <div class=\"m-2 card-labo\">\n    <span><\/span>\n    <span><\/span>\n    <span><\/span>\n    <span><\/span>\n<h4 class=\"header-card\">Nos Partenaires<\/h4>\n<p>S\u2019associer avec BioNatura, c\u2019est avoir un partenaire de confiance dans le secteur des compl\u00e9ments alimentaires et de l\u2019industrie du bien-\u00eatre.\n\nNous nous engageons \u00e0 fournir des solutions s\u00fbres et efficaces qui favorisent le bien-\u00eatre individuel.<\/p>\n<\/div>\n\n \n  \n<\/div>\n<\/div>\n<\/div>\n<\/div>\n\n\n\n<div class=\"wp-block-group alignfull has-global-padding is-content-justification-center is-layout-constrained wp-container-core-group-is-layout-5c6d15bc wp-block-group-is-layout-constrained\" style=\"margin-top:0;margin-bottom:0;padding-top:calc( 0.5 * var(--wp--style--root--padding-right, var(--wp--custom--gap--horizontal)));padding-right:var(--wp--style--root--padding-right, var(--wp--custom--gap--horizontal));padding-bottom:30px;padding-left:var(--wp--style--root--padding-left, var(--wp--custom--gap--horizontal))\">\n<div style=\"height:calc( 0.25 * var(--wp--style--root--padding-right, var(--wp--custom--gap--horizontal)))\" aria-hidden=\"true\" class=\"wp-block-spacer\"><\/div>\n\n\n\n<p class=\"has-text-align-center\" style=\"font-size:clamp(14px, 0.875rem + ((1vw - 3.2px) * 0.536), 20px);\"><strong><mark style=\"background-color:rgba(0, 0, 0, 0)\" class=\"has-inline-color has-theme-2-color\">\u00ab<\/mark><mark style=\"background-color:rgba(0, 0, 0, 0)\" class=\"has-inline-color has-theme-3-color\"> Ensemble, nous pouvons cr\u00e9er un monde o\u00f9 chacun a acc\u00e8s au meilleur de ce que la nature a \u00e0 offrir. <\/mark><mark style=\"background-color:rgba(0, 0, 0, 0)\" class=\"has-inline-color has-theme-2-color\">\u00bb<\/mark><\/strong><\/p>\n\n\n\n<div style=\"height:60px\" aria-hidden=\"true\" class=\"wp-block-spacer\"><\/div>\n\n\n\n<h3 class=\"wp-block-heading has-text-align-center\"><span style=\"text-decoration: underline\">N<\/span><mark style=\"background-color:rgba(0, 0, 0, 0)\" class=\"has-inline-color has-theme-3-color\">os produits et services<\/mark><\/h3>\n<\/div>\n\n\n\n<div class=\"wp-block-columns alignfull are-vertically-aligned-center is-layout-flex wp-container-core-columns-is-layout-f1bf9c15 wp-block-columns-is-layout-flex\" style=\"margin-top:40px;margin-bottom:40px;padding-right:80px;padding-left:80px\">\n<div class=\"wp-block-column is-vertically-aligned-center is-layout-flow wp-block-column-is-layout-flow\" style=\"flex-basis:100%\">\n<div class=\"wp-block-group alignfull has-global-padding is-content-justification-center is-layout-constrained wp-container-core-group-is-layout-df757ecc wp-block-group-is-layout-constrained\" style=\"margin-top:0;margin-bottom:0;padding-top:calc( 0.5 * var(--wp--style--root--padding-right, var(--wp--custom--gap--horizontal)));padding-right:var(--wp--style--root--padding-right, var(--wp--custom--gap--horizontal));padding-bottom:calc( 0.5 * var(--wp--style--root--padding-right, var(--wp--custom--gap--horizontal)));padding-left:var(--wp--style--root--padding-left, var(--wp--custom--gap--horizontal))\">\n<div style=\"height:calc( 0.25 * var(--wp--style--root--padding-right, var(--wp--custom--gap--horizontal)))\" aria-hidden=\"true\" class=\"wp-block-spacer\"><\/div>\n\n\n\n<div class=\"wp-block-columns alignwide are-vertically-aligned-center is-layout-flex wp-container-core-columns-is-layout-28f84493 wp-block-columns-is-layout-flex\">\n<div class=\"wp-block-column is-vertically-aligned-center is-layout-flow wp-block-column-is-layout-flow\">\n<figure class=\"wp-block-image size-full landing-page-first-img\"><img loading=\"lazy\" decoding=\"async\" width=\"600\" height=\"600\" src=\"https:\/\/natura-diet.com\/wp-content\/uploads\/2024\/05\/PH2.png\" alt=\"\" class=\"wp-image-2824\" srcset=\"https:\/\/natura-diet.com\/wp-content\/uploads\/2024\/05\/PH2.png 600w, https:\/\/natura-diet.com\/wp-content\/uploads\/2024\/05\/PH2-300x300.png 300w, https:\/\/natura-diet.com\/wp-content\/uploads\/2024\/05\/PH2-150x150.png 150w\" sizes=\"auto, (max-width: 600px) 100vw, 600px\" \/><\/figure>\n<\/div>\n\n\n\n<div class=\"wp-block-column is-vertically-aligned-center is-layout-flow wp-block-column-is-layout-flow\">\n<p>Notre engagement envers la recherche scientifique et l&#8217;approvisionnement durable garantit que nos produits sont s\u00fbrs, efficaces et respectueux de l&#8217;environnement.<\/p>\n\n\n\n<p>Nous croyons au pouvoir transformateur des ingr\u00e9dients naturels et nous nous engageons \u00e0 aider nos clients \u00e0 atteindre leurs objectifs de sant\u00e9, une \u00e9tape \u00e0 la fois.<\/p>\n\n\n\n<p>\u00catre partenaire de BioNatura, c&#8217;est acc\u00e9der \u00e0 :<\/p>\n\n\n\n<p>\u2022 <mark style=\"background-color:rgba(0, 0, 0, 0)\" class=\"has-inline-color has-theme-3-color\"><strong>Des solutions s\u00fbres et efficaces<\/strong>&nbsp;<\/mark>: nos probiotiques et compl\u00e9ments alimentaires certifi\u00e9s et valid\u00e9s sont con\u00e7us pour promouvoir le bien-\u00eatre individuel de mani\u00e8re s\u00fbre et efficace afin de fournir des bienfaits pour la sant\u00e9 au-del\u00e0 de la nutrition de base.<\/p>\n\n\n\n<p>\u2022 <strong><mark style=\"background-color:rgba(0, 0, 0, 0)\" class=\"has-inline-color has-theme-3-color\">Des produits et services sur mesure<\/mark><\/strong>&nbsp;: Notre gamme de produits et services est con\u00e7ue pour r\u00e9pondre aux besoins et conditions de sant\u00e9 sp\u00e9cifiques, en fournissant des solutions th\u00e9rapeutiques individualis\u00e9es \u00e0 nos clients.<\/p>\n\n\n\n<p>\u2022 <strong><mark style=\"background-color:rgba(0, 0, 0, 0)\" class=\"has-inline-color has-theme-3-color\">Des formation d&#8217;experts<\/mark><\/strong>&nbsp;: Notre \u00e9quipe d&#8217;experts propose une formation aux professionnels de la sant\u00e9 afin de garantir des soins personnalis\u00e9s et complets aux patients, en fournissant les plus hauts niveaux d&#8217;informations. Nous croyons qu&#8217;il est important de fournir \u00e0 nos clients des informations scientifiques et m\u00e9dicales pr\u00e9cieuses \u00e9tay\u00e9es par des donn\u00e9es, des \u00e9tudes et des recommandations.<\/p>\n\n\n\n<p>\u2022 <mark style=\"background-color:rgba(0, 0, 0, 0)\" class=\"has-inline-color has-theme-3-color\"><strong>Une \u00e9ducation et sensibilisation<\/strong>&nbsp;<\/mark>: Nous croyons qu&#8217;il est important d&#8217;\u00e9duquer nos clients et le public sur l&#8217;importance du microbiome humain et son impact sur notre sant\u00e9 globale. Et plus g\u00e9n\u00e9ralement sur les bienfaits des micronutriments et des extraits naturels.<\/p>\n<\/div>\n<\/div>\n\n\n\n<div style=\"height:calc( 0.25 * var(--wp--style--root--padding-right, var(--wp--custom--gap--horizontal)))\" aria-hidden=\"true\" class=\"wp-block-spacer\"><\/div>\n<\/div>\n<\/div>\n<\/div>\n\n\n\n<div class=\"wp-block-columns alignfull is-layout-flex wp-container-core-columns-is-layout-28f84493 wp-block-columns-is-layout-flex\">\n<div class=\"wp-block-column is-vertically-aligned-center is-layout-flow wp-block-column-is-layout-flow\">\n<head>\n    <script src=\"https:\/\/kit.fontawesome.com\/3b161c540c.js\" crossorigin=\"anonymous\"><\/script>\n<\/head>\n<footer class=\"footer\">\n    <div class=\"container row\">\n        <div class=\"footer-col\">\n            <h4>Laboratoire Bionatura Diet<\/h4>\n            <ul>\n                <li><a href=\"https:\/\/natura-diet.com\/?page_id=21\">Qui Somme Nous<\/a><\/li>\n            <\/ul>\n        <\/div>\n        <div class=\"footer-col\">\n            <h4> Nos partenaires<\/h4>\n            <ul>\n                <li><a href=\"https:\/\/natura-diet.com\/?page_id=692\">PileJe<\/a><\/li>\n                <li><a href=\"https:\/\/natura-diet.com\/?page_id=115\">Ineldea<\/a><\/li>\n                <li><a href=\"#\">Fertyfarm<\/a><\/li>\n                <li><a href=\"#\">Polidis<\/a><\/li>\n                <li><a href=\"#\">Eafit<\/a><\/li>\n            <\/ul>\n\n        <\/div>\n        <div class=\"footer-col\">\n\n            <h4>Nos Gammes<\/h4>\n            <ul>\n                <li><a href=\"https:\/\/natura-diet.com\/?page_id=465\">Microbiotes<\/a><\/li>\n                <li><a href=\"https:\/\/natura-diet.com\/?page_id=694\">Micronutrition<\/a><\/li>\n                <li><a href=\"https:\/\/natura-diet.com\/?page_id=517\">Phytotherapie<\/a><\/li>\n                <li><a href=\"https:\/\/natura-diet.com\/?page_id=1202\">Pediakid<\/a><\/li>\n                <li><a href=\"https:\/\/natura-diet.com\/?page_id=726\">Effiderm<\/a><\/li>\n            <\/ul>\n\n        <\/div>\n        <div class=\"footer-col\">\n            <h4>Contactez-nous<\/h4>\n            <div class=\"social-links\">\n                <a href=\"tel:+21626330240\"><i class=\"fa fa-phone\"><\/i><\/a><span class=\"text-icon\">+216 26 330 240<\/span>\n                <br \/>\n                <a href=\"mailto:bionatura2@gmail.com\"><i class=\"fa fa-envelope\" aria-hidden=\"true\"><\/i><\/a><span\n                    class=\"text-icon\">bionatura2@gmail.com<\/span> <br \/>\n                <div class=\"social-media\">\n                    <a href=\"https:\/\/www.facebook.com\/profile.php?id=100054568084108\" target=\"_blank\" rel=\"noopener\"><i\n                            class=\"fa-brands fa-facebook\"><\/i><\/a>\n                    <a href=\"https:\/\/www.instagram.com\/bio.naturadiet?igsh=cXI0aDNvM3I3MXpk\" target=\"_blank\" rel=\"noopener\"><i class=\"fa-brands fa-instagram\"><\/i><\/a>\n                    <!-- <a href=\"#\"><i class=\"fa-brands fa-linkedin-in\"><\/i><\/a> -->\n                <\/div>\n            <\/div>\n        <\/div>\n        <div class=\"footer-col\" style=\"color: white; text-align: center; display: block;margin-left: auto;\n    margin-right: auto;margin-top: 20px;\">&copy; 2024 &#8211; All right\n            reserved <a href=\"https:\/\/zeenovi.com\/\" target=\"_blank\" style=\"color: white;\" rel=\"noopener\">Zeenovi\u2122<\/a>\n        <\/div>\n\n\n    <\/div>\n<\/footer>\n<\/div>\n<\/div>\n","protected":false},"excerpt":{"rendered":"<p>BioNatura : Votre Partenaire de Confiance pour votre bien-\u00eatre Chez BioNatura, nous nous engageons \u00e0 \u00ab aider chacun \u00e0 atteindre son \u00e9tat physiologique optimal \u00bb, \u00e0 travers notre gamme de [&hellip;]<\/p>\n","protected":false},"author":1,"featured_media":0,"parent":0,"menu_order":0,"comment_status":"closed","ping_status":"closed","template":"","meta":{"_eb_attr":"","_EventAllDay":false,"_EventTimezone":"","_EventStartDate":"","_EventEndDate":"","_EventStartDateUTC":"","_EventEndDateUTC":"","_EventShowMap":false,"_EventShowMapLink":false,"_EventURL":"","_EventCost":"","_EventCostDescription":"","_EventCurrencySymbol":"","_EventCurrencyCode":"","_EventCurrencyPosition":"","_EventDateTimeSeparator":"","_EventTimeRangeSeparator":"","_EventOrganizerID":[],"_EventVenueID":[],"_OrganizerEmail":"","_OrganizerPhone":"","_OrganizerWebsite":"","_VenueAddress":"","_VenueCity":"","_VenueCountry":"","_VenueProvince":"","_VenueState":"","_VenueZip":"","_VenuePhone":"","_VenueURL":"","_VenueStateProvince":"","_VenueLat":"","_VenueLng":"","_VenueShowMap":false,"_VenueShowMapLink":false,"footnotes":""},"class_list":["post-21","page","type-page","status-publish","hentry"],"_links":{"self":[{"href":"https:\/\/natura-diet.com\/index.php?rest_route=\/wp\/v2\/pages\/21","targetHints":{"allow":["GET"]}}],"collection":[{"href":"https:\/\/natura-diet.com\/index.php?rest_route=\/wp\/v2\/pages"}],"about":[{"href":"https:\/\/natura-diet.com\/index.php?rest_route=\/wp\/v2\/types\/page"}],"author":[{"embeddable":true,"href":"https:\/\/natura-diet.com\/index.php?rest_route=\/wp\/v2\/users\/1"}],"replies":[{"embeddable":true,"href":"https:\/\/natura-diet.com\/index.php?rest_route=%2Fwp%2Fv2%2Fcomments&post=21"}],"version-history":[{"count":43,"href":"https:\/\/natura-diet.com\/index.php?rest_route=\/wp\/v2\/pages\/21\/revisions"}],"predecessor-version":[{"id":3647,"href":"https:\/\/natura-diet.com\/index.php?rest_route=\/wp\/v2\/pages\/21\/revisions\/3647"}],"wp:attachment":[{"href":"https:\/\/natura-diet.com\/index.php?rest_route=%2Fwp%2Fv2%2Fmedia&parent=21"}],"curies":[{"name":"wp","href":"https:\/\/api.w.org\/{rel}","templated":true}]}}