{"id":819,"date":"2024-03-13T13:29:00","date_gmt":"2024-03-13T12:29:00","guid":{"rendered":"https:\/\/bionaturaa.wordpress.com\/?page_id=819"},"modified":"2024-06-06T12:29:28","modified_gmt":"2024-06-06T12:29:28","slug":"lactibiane-reference-b10","status":"publish","type":"page","link":"https:\/\/natura-diet.com\/?page_id=819","title":{"rendered":"LACTIBIANE REFERENCE B10"},"content":{"rendered":"\n<div style=\"height:100px\" aria-hidden=\"true\" class=\"wp-block-spacer\"><\/div>\n\n\n\n<h3 class=\"wp-block-heading has-text-align-left has-large-font-size\"><mark style=\"background-color:rgba(0, 0, 0, 0)\" class=\"has-inline-color has-theme-3-color\">L<\/mark><mark style=\"background-color:rgba(0, 0, 0, 0)\" class=\"has-inline-color has-theme-3-color\">ACTIBIANE REFERENCE B10<\/mark><\/h3>\n\n\n\n<div style=\"height:56px\" aria-hidden=\"true\" class=\"wp-block-spacer\"><\/div>\n\n\n\n<div class=\"wp-block-group alignfull has-global-padding is-content-justification-center is-layout-constrained wp-container-core-group-is-layout-888b3e69 wp-block-group-is-layout-constrained\" style=\"margin-top:0;margin-bottom:0;padding-top:calc( 0.5 * var(u002du002dwpu002du002dstyleu002du002drootu002du002dpadding-right, var(u002du002dwpu002du002dcustomu002du002dgapu002du002dhorizontal)));padding-right:var(u002du002dwpu002du002dstyleu002du002drootu002du002dpadding-right, var(u002du002dwpu002du002dcustomu002du002dgapu002du002dhorizontal));padding-bottom:calc( 0.5 * var(u002du002dwpu002du002dstyleu002du002drootu002du002dpadding-right, var(u002du002dwpu002du002dcustomu002du002dgapu002du002dhorizontal)));padding-left:var(u002du002dwpu002du002dstyleu002du002drootu002du002dpadding-left, var(u002du002dwpu002du002dcustomu002du002dgapu002du002dhorizontal))\">\n<div style=\"height:calc( 0.25 * var(u002du002dwpu002du002dstyleu002du002drootu002du002dpadding-right, var(u002du002dwpu002du002dcustomu002du002dgapu002du002dhorizontal)))\" aria-hidden=\"true\" class=\"wp-block-spacer\"><\/div>\n\n\n\n<div class=\"wp-block-columns alignwide is-layout-flex wp-container-core-columns-is-layout-f1bd724e wp-block-columns-is-layout-flex\" style=\"padding-right:80px;padding-left:80px\">\n<div class=\"wp-block-column is-vertically-aligned-center is-layout-flow wp-block-column-is-layout-flow\">\n<figure class=\"wp-block-image aligncenter size-large is-resized\"><img decoding=\"async\" src=\"https:\/\/bionaturaa.wordpress.com\/wp-content\/uploads\/2024\/03\/lactibiane_reference-10gel-rv15v1-vect-bt0053-0205-4.jpg?w=1024\" alt=\"\" class=\"wp-image-820\" style=\"width:426px;height:auto\"\/><\/figure>\n<\/div>\n\n\n\n<div class=\"wp-block-column is-layout-flow wp-block-column-is-layout-flow\">\n<head>\n\n\n    <script src=\"https:\/\/code.jquery.com\/jquery-3.6.0.min.js\"><\/script>\n  \n<\/head>\n<body>\n    <div class=\"container\">\n        <div class=\"accordion_inner\">\n       \n            <div class=\"accordion-section\">\n                <div class=\"each-accordionbox\">\n                    <h3 class=\"each-title\">Posologie<\/h3>\n                    <p class=\"each-text\">Plus de\u00a010 000 milliards de bact\u00e9ries sont pr\u00e9sentes dans la flore intestinale \u00e0 l&#8217;\u00e2ge adulte. Si un tiers des bact\u00e9ries est commun entre les individus, chaque personne poss\u00e8de une identit\u00e9 propre au niveau de sa flore intestinale.\u00a0\n\nPour favoriser l\u2019\u00e9quilibre de la flore intestinale, et y maintenir\u00a0une richesse et une diversit\u00e9 de bact\u00e9ries, il est n\u00e9cessaire d\u2019adopter une alimentation source :\n\nde pr\u00e9biotiques, qui sont des fibres alimentaires dont se nourrissent les bact\u00e9ries. Il s\u2019agit principalement d\u2019aliments riches en fibres tels que les poireaux, c\u00e9r\u00e9ales compl\u00e8tes, artichauts, ol\u00e9agineux ou encore les aliments riches en acides gras essentiels tels que les huiles v\u00e9g\u00e9tales (colza, noix) ou les poissons gras\n\nde probiotiques :\u00a0laits et l\u00e9gumes ferment\u00e9s, k\u00e9fir, d\u00e9riv\u00e9s du soja tels que miso, tempeh\u2026\n\nUn apport de\u00a0compl\u00e9ments alimentaires \u00e0 base de souches probiotiques sp\u00e9cifiques et individualis\u00e9es\u00a0est \u00e9galement int\u00e9ressant car ces micro-organismes vivants contribuent \u00e0 l\u2019\u00e9quilibre de la flore intestinale.\n\nPionniers dans l&#8217;\u00e9tude des microbiotes depuis 1991, le laboratoire PiLeJe s\u00e9lectionne de\u00a0mani\u00e8re rigoureuse les souches probiotiques\u00a0pr\u00e9sentes dans ses compl\u00e9ments alimentaires. Une attention particuli\u00e8re est apport\u00e9e\u00a0\u00e0 la viabilit\u00e9 et \u00e0 la stabilit\u00e9\u00a0des souches s\u00e9lectionn\u00e9es, depuis l\u2019\u00e9tape initiale de leur s\u00e9lection jusqu\u2019\u00e0 l\u2019\u00e9laboration des produits finis, afin de proposer \u00e0 chacun des solutions\u00a0adapt\u00e9es, uniques et de haute qualit\u00e9.\n\nLa recherche PiLeJe a ainsi d\u00e9velopp\u00e9\u00a0Lactibiane R\u00e9f\u00e9rence, compl\u00e9ment alimentaire contenant 4 souches probiotiques dos\u00e9es \u00e0 10 milliards par g\u00e9lule :\n\nBifidobacterium longum\u00a0LA101\n\nLactobacillus helveticus\u00a0LA102\n\nLactococcus lactis\u00a0LA103\n\nStreptococcus thermophilus\u00a0LA104\n\n\u00c0 base de :\u00a0Streptococcus thermophilus\u00a0LA104,\u00a0Lactobacillus helveticus\u00a0LA102,\u00a0Lactob.<\/p>\n                <\/div>\n\n\n                <div class=\"each-accordionbox\">\n                    <h3 class=\"each-title\">Composition<\/h3>\n                    <p class=\"each-text\">Amidon de ma\u00efs, g\u00e9lule d\u2019origine v\u00e9g\u00e9tale, ferments lactiques, anti-agglom\u00e9rants : acides gras.<br\/>\n\nCompl\u00e9ment alimentaire \u00e0 base de 4 souches probiotiques dos\u00e9es \u00e0 10 milliards par g\u00e9lule<\/p>\n                <\/div>\n                <div class=\"each-accordionbox\">\n                    <h3 class=\"each-title\">Utilisation<\/h3>\n                    <p class=\"each-text\">Conseils d&#8217;utilisation\n\n1 g\u00e9lule par jour \u00e0 avaler avec un grand verre d&#8217;eau.\n\n\u00c0 prendre avant un repas.\n\nConservation : dans un endroit frais et sec.\n\nPr\u00e9cautions d&#8217;emploi\n\nNe pas d\u00e9passer les doses journali\u00e8res recommand\u00e9es.\u00a0\n\nCe compl\u00e9ment alimentaire ne peut se substituer \u00e0 une alimentation vari\u00e9e, \u00e9quilibr\u00e9e et \u00e0 un mode de vie sain.<br\/>\n\n\u00c0 tenir hors de port\u00e9e des enfants.<br\/>\n\n\u00c0 consommer de pr\u00e9f\u00e9rence avant fin et n\u00b0 de lot mentionn\u00e9s sur la face inf\u00e9rieure de l&#8217;\u00e9tui.<\/p>\n                <\/div>\n            <\/div>\n        <\/div>           \n    <\/div> \n\n    <script>\n        $(document).ready(function() {\n            \/\/ Open the first accordion automatically\n            $(\".each-accordionbox:first-child\").addClass(\"active\").children(\".each-text\").slideDown();\n\n            \/\/ Accordion toggle functionality\n            $(\".each-title\").on(\"click\", function() {\n                if ($(this).parent().hasClass(\"active\")) {\n                    $(this).next().slideUp();\n                    $(this).parent().removeClass(\"active\");\n                } else {\n                    $(\".each-text\").slideUp();\n                    $(\".each-accordionbox\").removeClass(\"active\");\n                    $(this).parent().addClass(\"active\");\n                    $(this).next().slideDown();\n                }\n            });\n        });\n    <\/script>\n<\/body>\n<\/div>\n<\/div>\n<\/div>\n\n\n\n<div style=\"height:100px\" aria-hidden=\"true\" class=\"wp-block-spacer\"><\/div>\n\n\n\n<div style=\"height:100px\" aria-hidden=\"true\" class=\"wp-block-spacer\"><\/div>\n\n\n\n<div class=\"wp-block-columns alignfull is-layout-flex wp-container-core-columns-is-layout-28f84493 wp-block-columns-is-layout-flex\">\n<div class=\"wp-block-column is-layout-flow wp-block-column-is-layout-flow\">\n<head>\r\n\t<script src=\"https:\/\/kit.fontawesome.com\/3b161c540c.js\" crossorigin=\"anonymous\"><\/script>\r\n<\/head>\r\n<footer class=\"footer\">\r\n\t\t<div class=\"container row\">\r\n\t\t\t<div class=\"footer-col\">\r\n\t\t\t\t<h4>company<\/h4>\r\n\t\t\t\t<ul>\r\n\t\t\t\t\t<li><a href=\"#\">about us<\/a><\/li>\r\n\t\t\t\t\t<li><a href=\"#\">our services<\/a><\/li>\r\n\t\t\t\t\t<li><a href=\"#\">privacy policy<\/a><\/li>\r\n\t\t\t\t\t<li><a href=\"#\">visit website<\/a><\/li>\r\n\t\t\t\t<\/ul>\r\n\t\t\t<\/div>\r\n\t\t\t<div class=\"footer-col\">\r\n\t\t\t\t<h4>get help<\/h4>\r\n\t\t\t\t<ul>\r\n\t\t\t\t\t<li><a href=\"#\">FAQ<\/a><\/li>\r\n\t\t\t\t\t<li><a href=\"#\">shipping<\/a><\/li>\r\n\t\t\t\t\t<li><a href=\"#\">returns<\/a><\/li>\r\n\t\t\t\t\t<li><a href=\"#\">order status<\/a><\/li>\r\n\t\t\t\t\t<li><a href=\"#\">payment options<\/a><\/li>\r\n\t\t\t\t<\/ul>\r\n\t\t\t<\/div>\r\n\t\t\t<div class=\"footer-col\">\r\n\t\t\t\t<h4>online shop<\/h4>\r\n\t\t\t\t<ul>\r\n\t\t\t\t\t<li><a href=\"#\">download<\/a><\/li>\r\n\t\t\t\t\t<li><a href=\"#\">changelog<\/a><\/li>\r\n\t\t\t\t\t<li><a href=\"#\">github<\/a><\/li>\r\n\t\t\t\t\t<li><a href=\"#\">all version<\/a><\/li>\r\n\t\t\t\t<\/ul>\r\n\t\t\t<\/div>\r\n\t\t\t<div class=\"footer-col\">\r\n\t\t\t\t<h4>follow us<\/h4>\r\n\t\t\t\t<div class=\"social-links\">\r\n\t\t\t\t\t<a href=\"#\"><i class=\"fa-brands fa-facebook-f\"><\/i><\/a>\r\n\t\t\t\t\t<a href=\"#\"><i class=\"fa-brands fa-x-twitter\"><\/i><\/a>\r\n\t\t\t\t\t<a href=\"#\"><i class=\"fa-brands fa-instagram\"><\/i><\/a>\r\n\t\t\t\t\t<a href=\"#\"><i class=\"fa-brands fa-linkedin-in\"><\/i><\/a>\r\n\t\t\t\t<\/div>\r\n\t\t\t<\/div>\r\n\t\t<\/div>\r\n\t<\/footer>\n<\/div>\n<\/div>\n","protected":false},"excerpt":{"rendered":"<p>LACTIBIANE REFERENCE B10 Posologie Plus de\u00a010 000 milliards de bact\u00e9ries sont pr\u00e9sentes dans la flore intestinale \u00e0 l&#8217;\u00e2ge adulte. Si un tiers des bact\u00e9ries est commun entre les individus, chaque [&hellip;]<\/p>\n","protected":false},"author":1,"featured_media":0,"parent":0,"menu_order":0,"comment_status":"closed","ping_status":"closed","template":"","meta":{"_eb_attr":"","_EventAllDay":false,"_EventTimezone":"","_EventStartDate":"","_EventEndDate":"","_EventStartDateUTC":"","_EventEndDateUTC":"","_EventShowMap":false,"_EventShowMapLink":false,"_EventURL":"","_EventCost":"","_EventCostDescription":"","_EventCurrencySymbol":"","_EventCurrencyCode":"","_EventCurrencyPosition":"","_EventDateTimeSeparator":"","_EventTimeRangeSeparator":"","_EventOrganizerID":[],"_EventVenueID":[],"_OrganizerEmail":"","_OrganizerPhone":"","_OrganizerWebsite":"","_VenueAddress":"","_VenueCity":"","_VenueCountry":"","_VenueProvince":"","_VenueState":"","_VenueZip":"","_VenuePhone":"","_VenueURL":"","_VenueStateProvince":"","_VenueLat":"","_VenueLng":"","_VenueShowMap":false,"_VenueShowMapLink":false,"footnotes":""},"class_list":["post-819","page","type-page","status-publish","hentry"],"_links":{"self":[{"href":"https:\/\/natura-diet.com\/index.php?rest_route=\/wp\/v2\/pages\/819","targetHints":{"allow":["GET"]}}],"collection":[{"href":"https:\/\/natura-diet.com\/index.php?rest_route=\/wp\/v2\/pages"}],"about":[{"href":"https:\/\/natura-diet.com\/index.php?rest_route=\/wp\/v2\/types\/page"}],"author":[{"embeddable":true,"href":"https:\/\/natura-diet.com\/index.php?rest_route=\/wp\/v2\/users\/1"}],"replies":[{"embeddable":true,"href":"https:\/\/natura-diet.com\/index.php?rest_route=%2Fwp%2Fv2%2Fcomments&post=819"}],"version-history":[{"count":11,"href":"https:\/\/natura-diet.com\/index.php?rest_route=\/wp\/v2\/pages\/819\/revisions"}],"predecessor-version":[{"id":3293,"href":"https:\/\/natura-diet.com\/index.php?rest_route=\/wp\/v2\/pages\/819\/revisions\/3293"}],"wp:attachment":[{"href":"https:\/\/natura-diet.com\/index.php?rest_route=%2Fwp%2Fv2%2Fmedia&parent=819"}],"curies":[{"name":"wp","href":"https:\/\/api.w.org\/{rel}","templated":true}]}}