{"id":956,"date":"2024-03-18T14:31:31","date_gmt":"2024-03-18T13:31:31","guid":{"rendered":"https:\/\/bionaturaa.wordpress.com\/?page_id=956"},"modified":"2024-06-10T00:34:20","modified_gmt":"2024-06-10T00:34:20","slug":"serum-anti-cerne-liftant","status":"publish","type":"page","link":"https:\/\/natura-diet.com\/?page_id=956","title":{"rendered":"SERUM ANTI CERNE LIFTANT"},"content":{"rendered":"\n<div class=\"wp-block-group alignfull has-global-padding is-content-justification-center is-layout-constrained wp-container-core-group-is-layout-888b3e69 wp-block-group-is-layout-constrained\" style=\"margin-top:0;margin-bottom:0;padding-top:calc( 0.5 * var(u002du002dwpu002du002dstyleu002du002drootu002du002dpadding-right, var(u002du002dwpu002du002dcustomu002du002dgapu002du002dhorizontal)));padding-right:var(u002du002dwpu002du002dstyleu002du002drootu002du002dpadding-right, var(u002du002dwpu002du002dcustomu002du002dgapu002du002dhorizontal));padding-bottom:calc( 0.5 * var(u002du002dwpu002du002dstyleu002du002drootu002du002dpadding-right, var(u002du002dwpu002du002dcustomu002du002dgapu002du002dhorizontal)));padding-left:var(u002du002dwpu002du002dstyleu002du002drootu002du002dpadding-left, var(u002du002dwpu002du002dcustomu002du002dgapu002du002dhorizontal))\">\n<div style=\"height:calc( 0.25 * var(u002du002dwpu002du002dstyleu002du002drootu002du002dpadding-right, var(u002du002dwpu002du002dcustomu002du002dgapu002du002dhorizontal)))\" aria-hidden=\"true\" class=\"wp-block-spacer\"><\/div>\n\n\n\n<div style=\"height:100px\" aria-hidden=\"true\" class=\"wp-block-spacer\"><\/div>\n\n\n\n<h3 class=\"wp-block-heading has-text-align-left has-large-font-size\"><mark style=\"background-color:rgba(0, 0, 0, 0)\" class=\"has-inline-color has-theme-3-color\">S\u00c9RUM ANTI-CERNES LIFTANT<\/mark><\/h3>\n\n\n\n<div style=\"height:100px\" aria-hidden=\"true\" class=\"wp-block-spacer\"><\/div>\n\n\n\n<div class=\"wp-block-columns alignwide are-vertically-aligned-center is-layout-flex wp-container-core-columns-is-layout-28f84493 wp-block-columns-is-layout-flex\">\n<div class=\"wp-block-column is-vertically-aligned-center is-layout-flow wp-block-column-is-layout-flow\">\n<figure class=\"wp-block-image aligncenter size-large is-resized\"><img decoding=\"async\" src=\"https:\/\/bionaturaa.wordpress.com\/wp-content\/uploads\/2024\/03\/serum-anti-cerne-liftant_tube-7.jpg?w=447\" alt=\"\" class=\"wp-image-957\" style=\"width:250px;height:auto\"\/><\/figure>\n<\/div>\n\n\n\n<div class=\"wp-block-column is-vertically-aligned-center is-layout-flow wp-block-column-is-layout-flow\">\n<head>\n\n\n    <script src=\"https:\/\/code.jquery.com\/jquery-3.6.0.min.js\"><\/script>\n\n<\/head>\n\n<body>\n    <div class=\"container-accordion\">\n        <div class=\"accordion_inner\">\n            <div class=\"accordion-section\">\n                <div class=\"each-accordionbox\">\n                    <h3 class=\"each-title\">Posologie<\/h3>\n                    <div class=\"each-text\">\n                        <p><strong>Le + Produit :<\/strong> A l\u2019Osilift\u00ae, Bleuet &#038; Hamam\u00e9lis : effet tenseur et\n                            anti-rides d\u00e9montr\u00e9\n\n                            Qu\u2019ils soient bleus ou noirs, nous ne sommes pas tous log\u00e9s \u00e0 la m\u00eame enseigne en ce qui\n                            concerne les cernes. Fatigue, al\u00e9as du quotidien ou simplement pr\u00e9sents naturellement, ces\n                            petites ombres sous nos yeux peuvent devenir une obsession ou source de tracas pour bon\n                            nombre d\u2019entre nous.<br \/>\n\n                            Compos\u00e9 d\u2019actifs 100% d\u2019origine naturelle, le S\u00e9rum Anti-cernes Liftant prot\u00e8ge, apaise et\n                            att\u00e9nue cernes et ridules instantan\u00e9ment pour un regard liss\u00e9 et des cernes estomp\u00e9s.<br \/>\n\n                            Le S\u00e9rum Anti-cernes Liftant r\u00e9unit les meilleurs actifs pour prot\u00e9ger l\u2019\u00e9piderme\n                            particuli\u00e8rement fin et d\u00e9licat du contour de l\u2019oeil. Riche en Osilift\u00ae, extrait purifi\u00e9\n                            d\u2019avoine, exerce un effet d\u00e9montr\u00e9* tenseur et liftant imm\u00e9diat au niveau de la patte\n                            d\u2019oie.<br \/>\n\n                            Les extraits de Bleuet et d\u2019Hamam\u00e9lis d\u00e9congestionnent et apaisent les yeux fragiles ou\n                            irrit\u00e9s.<br \/>\n                            L\u2019extrait de ferment en provenance de l\u2019Antarctique, a des propri\u00e9t\u00e9s cryoprotectrices,\n                            restructurantes et anti-rides d\u00e9montr\u00e9es.<br \/>\n                            L\u2019extrait de Th\u00e9 vert exerce une action synergique anti-\u00e2ge gr\u00e2ce \u00e0 ses propri\u00e9t\u00e9s\n                            antioxydantes.<br \/>\n                            Les rides et ridules se comblent, les marques de fatigue, telles que poches et cernes\n                            s\u2019estompent, la peau est hydrat\u00e9e, ferme, le regard est liss\u00e9.<br \/>\n\n                            * Effet d\u00e9montr\u00e9 chez 82% des volontaires, test r\u00e9alis\u00e9 sur 32 volontaires.<br \/>\n\n                            Tube 15 ml en plastique recycl\u00e9 Etui \u00e9co-con\u00e7u en fibre de papier recycl\u00e9.<br \/>\n\n                            Ayez le bon geste, recyclez vos produits apr\u00e8s leur utilisation.<br \/>\n                        <\/p>\n                    <\/div>\n                <\/div>\n                <div class=\"each-accordionbox\">\n                    <h3 class=\"each-title\">Composition<\/h3>\n                    <p class=\"each-text\">\n                        <strong>Composition <\/strong>Total ingr\u00e9dients actifs 27% : Glyc\u00e9rine v\u00e9g\u00e9tale, eau florale de\n                        Bleuet, extrait hydro-glyc\u00e9rin\u00e9s d\u2019Hamam\u00e9lis et de Th\u00e9 vert, Osilift\u00ae (extrait d\u2019Avoine),\n                        extrait de ferment.<br \/>\n\n                        Sans parab\u00e8nes, sans phenoxy\u00e9thanol, sans phtalates, sans colorants.\n                        <br \/>\n\n                        <strong> Ingr\u00e9dients : <\/strong>\u00a0AQUA (WATER), GLYCERIN, CENTAUREA CYANUS FLOWER WATER, XANTHAN\n                        GUM, BENZYL ALCOHOL, AVENA SATIVA (OAT) KERNEL EXTRACT, PENTYLENE GLYCOL, COCOYL PROLINE,\n                        PSEUDOALTEROMONAS FERMENT EXTRACT, HAMAMELIS VIRGINIANA LEAF EXTRACT, CAPRYLYL GLYCOL, DECYLENE\n                        GLYCOL, CAMELLIA SINENSIS LEAF EXTRACT, SODIUM BENZOATE, CITRIC ACID, POTASSIUM SORBATE, PARFUM\n                        (FRAGRANCE), HEXYL CINNAMAL, CITRONELLOL, LINALOOL.\n                        <br \/>\n\n                    <\/p>\n\n\n\n\n                <\/div>\n            <\/div>\n            <div class=\"each-accordionbox\">\n                <h3 class=\"each-title\">Utilisation<\/h3>\n                <div class=\"each-text\">\n                    <p>Conseils d&#8217;utilisation<br \/>\n                        Appliquer sur une peau propre et s\u00e8che matin et soir sur le contour de l\u2019oeil, de l\u2019int\u00e9rieur\n                        vers l\u2019ext\u00e9rieur. Tapoter doucement avec les doigts pour favoriser la p\u00e9n\u00e9tration du produit.\n\n                        <br \/>\n\n\n\n                    <\/p>\n\n\n                <\/div>\n            <\/div>\n        <\/div>\n    <\/div>\n    <\/div>\n\n    <\/tbody>\n    <\/table>\n\n    <\/div>\n    <\/div>\n\n\n\n    <script>\n        $(document).ready(function () {\n            \/\/ Open the first accordion automatically\n            $(\".each-accordionbox:first-child\").addClass(\"active\").children(\".each-text\").slideDown();\n\n            \/\/ Accordion toggle functionality\n            $(\".each-title\").on(\"click\",function () {\n                if ($(this).parent().hasClass(\"active\")) {\n                    $(this).next().slideUp();\n                    $(this).parent().removeClass(\"active\");\n                } else {\n                    $(\".each-text\").slideUp();\n                    $(\".each-accordionbox\").removeClass(\"active\");\n                    $(this).parent().addClass(\"active\");\n                    $(this).next().slideDown();\n                }\n            });\n        });\n    <\/script>\n<\/body>\n<\/div>\n<\/div>\n<\/div>\n\n\n\n<div style=\"height:100px\" aria-hidden=\"true\" class=\"wp-block-spacer\"><\/div>\n\n\n\n<div style=\"height:100px\" aria-hidden=\"true\" class=\"wp-block-spacer\"><\/div>\n\n\n\n<div class=\"wp-block-columns alignfull is-layout-flex wp-container-core-columns-is-layout-28f84493 wp-block-columns-is-layout-flex\">\n<div class=\"wp-block-column is-vertically-aligned-center is-layout-flow wp-block-column-is-layout-flow\">\n<head>\n    <script src=\"https:\/\/kit.fontawesome.com\/3b161c540c.js\" crossorigin=\"anonymous\"><\/script>\n<\/head>\n<footer class=\"footer\">\n    <div class=\"container row\">\n        <div class=\"footer-col\">\n            <h4>Laboratoire Bionatura Diet<\/h4>\n            <ul>\n                <li><a href=\"https:\/\/natura-diet.com\/?page_id=21\">Qui Somme Nous<\/a><\/li>\n            <\/ul>\n        <\/div>\n        <div class=\"footer-col\">\n            <h4> Nos partenaires<\/h4>\n            <ul>\n                <li><a href=\"https:\/\/natura-diet.com\/?page_id=692\">PileJe<\/a><\/li>\n                <li><a href=\"https:\/\/natura-diet.com\/?page_id=115\">Ineldea<\/a><\/li>\n                <li><a href=\"#\">Fertyfarm<\/a><\/li>\n                <li><a href=\"#\">Polidis<\/a><\/li>\n                <li><a href=\"#\">Eafit<\/a><\/li>\n            <\/ul>\n\n        <\/div>\n        <div class=\"footer-col\">\n\n            <h4>Nos Gammes<\/h4>\n            <ul>\n                <li><a href=\"https:\/\/natura-diet.com\/?page_id=465\">Microbiotes<\/a><\/li>\n                <li><a href=\"https:\/\/natura-diet.com\/?page_id=694\">Micronutrition<\/a><\/li>\n                <li><a href=\"https:\/\/natura-diet.com\/?page_id=517\">Phytotherapie<\/a><\/li>\n                <li><a href=\"https:\/\/natura-diet.com\/?page_id=1202\">Pediakid<\/a><\/li>\n                <li><a href=\"https:\/\/natura-diet.com\/?page_id=726\">Effiderm<\/a><\/li>\n            <\/ul>\n\n        <\/div>\n        <div class=\"footer-col\">\n            <h4>Contactez-nous<\/h4>\n            <div class=\"social-links\">\n                <a href=\"tel:+21626330240\"><i class=\"fa fa-phone\"><\/i><\/a><span class=\"text-icon\">+216 26 330 240<\/span>\n                <br \/>\n                <a href=\"mailto:bionatura2@gmail.com\"><i class=\"fa fa-envelope\" aria-hidden=\"true\"><\/i><\/a><span\n                    class=\"text-icon\">bionatura2@gmail.com<\/span> <br \/>\n                <div class=\"social-media\">\n                    <a href=\"https:\/\/www.facebook.com\/profile.php?id=100054568084108\" target=\"_blank\" rel=\"noopener\"><i\n                            class=\"fa-brands fa-facebook\"><\/i><\/a>\n                    <a href=\"https:\/\/www.instagram.com\/bio.naturadiet?igsh=cXI0aDNvM3I3MXpk\" target=\"_blank\" rel=\"noopener\"><i class=\"fa-brands fa-instagram\"><\/i><\/a>\n                    <!-- <a href=\"#\"><i class=\"fa-brands fa-linkedin-in\"><\/i><\/a> -->\n                <\/div>\n            <\/div>\n        <\/div>\n        <div class=\"footer-col\" style=\"color: white; text-align: center; display: block;margin-left: auto;\n    margin-right: auto;margin-top: 20px;\">&copy; 2024 &#8211; All right\n            reserved <a href=\"https:\/\/zeenovi.com\/\" target=\"_blank\" style=\"color: white;\" rel=\"noopener\">Zeenovi\u2122<\/a>\n        <\/div>\n\n\n    <\/div>\n<\/footer>\n<\/div>\n<\/div>\n","protected":false},"excerpt":{"rendered":"<p>S\u00c9RUM ANTI-CERNES LIFTANT Posologie Le + Produit : A l\u2019Osilift\u00ae, Bleuet &#038; Hamam\u00e9lis : effet tenseur et anti-rides d\u00e9montr\u00e9 Qu\u2019ils soient bleus ou noirs, nous ne sommes pas tous log\u00e9s [&hellip;]<\/p>\n","protected":false},"author":1,"featured_media":0,"parent":0,"menu_order":0,"comment_status":"closed","ping_status":"closed","template":"","meta":{"_eb_attr":"","_EventAllDay":false,"_EventTimezone":"","_EventStartDate":"","_EventEndDate":"","_EventStartDateUTC":"","_EventEndDateUTC":"","_EventShowMap":false,"_EventShowMapLink":false,"_EventURL":"","_EventCost":"","_EventCostDescription":"","_EventCurrencySymbol":"","_EventCurrencyCode":"","_EventCurrencyPosition":"","_EventDateTimeSeparator":"","_EventTimeRangeSeparator":"","_EventOrganizerID":[],"_EventVenueID":[],"_OrganizerEmail":"","_OrganizerPhone":"","_OrganizerWebsite":"","_VenueAddress":"","_VenueCity":"","_VenueCountry":"","_VenueProvince":"","_VenueState":"","_VenueZip":"","_VenuePhone":"","_VenueURL":"","_VenueStateProvince":"","_VenueLat":"","_VenueLng":"","_VenueShowMap":false,"_VenueShowMapLink":false,"footnotes":""},"class_list":["post-956","page","type-page","status-publish","hentry"],"_links":{"self":[{"href":"https:\/\/natura-diet.com\/index.php?rest_route=\/wp\/v2\/pages\/956","targetHints":{"allow":["GET"]}}],"collection":[{"href":"https:\/\/natura-diet.com\/index.php?rest_route=\/wp\/v2\/pages"}],"about":[{"href":"https:\/\/natura-diet.com\/index.php?rest_route=\/wp\/v2\/types\/page"}],"author":[{"embeddable":true,"href":"https:\/\/natura-diet.com\/index.php?rest_route=\/wp\/v2\/users\/1"}],"replies":[{"embeddable":true,"href":"https:\/\/natura-diet.com\/index.php?rest_route=%2Fwp%2Fv2%2Fcomments&post=956"}],"version-history":[{"count":7,"href":"https:\/\/natura-diet.com\/index.php?rest_route=\/wp\/v2\/pages\/956\/revisions"}],"predecessor-version":[{"id":3469,"href":"https:\/\/natura-diet.com\/index.php?rest_route=\/wp\/v2\/pages\/956\/revisions\/3469"}],"wp:attachment":[{"href":"https:\/\/natura-diet.com\/index.php?rest_route=%2Fwp%2Fv2%2Fmedia&parent=956"}],"curies":[{"name":"wp","href":"https:\/\/api.w.org\/{rel}","templated":true}]}}